))?
23
What is the value of -42 + 11 + (146 - 145)?
-30
(-156 - -90) + 120 + -136
-82
(-9 - 13 - -12) + -2 + -13 - -7
-18
What is -2 + (16 - -1 - (27 + -44 - -8))?
24
-7 + -143 + 5 + (273 - 258) - 3
-133
Evaluate 3 + (-5 + -13 - ((-7 - 16) + 12)).
-4
What is (4 - -1) + (-10 - -2 - (65 + 17))?
-85
Calculate (63 - 48 - 15) + (12 - 0) - -1.
13
Evaluate -4 + 1 + 33 + (-8 - (10 + 9)) + 36.
39
What is the value of (-14 - -28 - 15 - 11) + -22 + 7?
-27
What is the value of 23 + -3 + 47 + -79 + (-2 - -24)?
10
Evaluate (10 + -4 - (-35 - -50)) + (4 - -25).
20
What is 20 - (-37 + 15 - -17) - -33?
58
14 + 8 + 0 - -16 - (0 + 16)
22
7 + (17 + 8 + 0 - 16) + (2 - 112)
-94
What is -34 - (-2 + -3 + 3 + (26 - 34))?
-24
What is the value of -137 - (41 - 142) - (-1 - 32)?
-3
Calculate 37 - (5 - -46) - 11.
-25
What is (-97 - -189 - -21) + -29?
84
What is the value of -20 + (48 - (20 - -27) - (-5 + -3 + 1))?
-12
(2 - -9) + (-30 - (-11 - (2 + -19)))
-25
Calculate -5 + -4 + 0 + (-10 - -29).
10
Calculate 4 + -2 + (38 - -3) + -4620 + 4612.
35
Calculate 1 + -1 + (1 - -38) - (42355 - 42345).
29
What is the value of (1 - (-1 - -25)) + 10 - -83?
70
What is the value of 2 - (-50 - (26 + -20 + -14 + (20 - 1)))?
63
Calculate (-53 - -39 - 85) + 87.
-12
What is 25 - (62 + (-104 - 13))?
80
Evaluate 4 + 17 + 18 + -15 + -19 + -5.
0
Evaluate -5 + (6 - (-1 - -5 - 3)) - (-21 - 27).
48
Calculate -46 - ((-37 - -81) + -35).
-55
Evaluate 113 + (-1 + -74 - (1837 - 1880)).
81
What is the value of -31 - 17 - -19 - 15?
-44
What is 13 + 2 + (-25 - -30) + 4?
24
-99 + 0 + -96 + 129 + -37 - -9
-94
What is (-1 + -34 - (-783 - -780)) + 31?
-1
What is 44 - (-47 - -47 - -23)?
21
Evaluate (-37 - -91) + -157 + 15.
-88
Evaluate -71 - (10 + -3 + -19 + (31 - 9 - -2)).
-83
What is the value of 11 + (-3 - 4) + (-22 - (-7 + -11))?
0
Evaluate -7 - (49 - (17 + -7 + -23 - -13)).
-56
What is the value of 13 + -12 + 58 + (5 - 9) + -7?
48
Evaluate -46 - (33 - 67 - -35 - 19).
-28
Evaluate -17 + (-23 - -19) - (8 + -23).
-6
50 + 7 + (-9 - (-13 + 6 - -1) - -4)
58
What is the value of 8 - (-51 - -51 - 43)?
51
What is (-101 + 81 - -14) + 4 + 4 + -2?
0
Calculate -11 - (-8 - (12 - -6)) - -2 - (7 - -3).
7
-1 + 0 - 4 - (-2494 + 2470)
19
What is the value of -4 - (10 + (9 - -13) + 3 + -11)?
-28
Evaluate -1 + (7 - (-13 + 5 + 6)) - (-248 - -134).
122
Calculate -81 + (52 - (-16 - -19)).
-32
Calculate -3 - (1 + (-69 - (-3 - 8))) - -5.
59
6 - -1 - (34 - (13 + 18)) - -5
9
What is the value of (-349 - -377) + (10 - (0 - 3))?
41
728 + -779 - (-1 - 4)
-46
What is the value of (3 - -19 - -4) + 564 + -576?
14
What is the value of 14596 + -14557 - (-2 - -1)?
40
What is the value of -153 + 311 + 6 + -119?
45
What is the value of -8 - (6 - -32 - (-3 - 15))?
-64
43 - 66 - (8 - -13 - 7) - -14
-23
Calculate -1602 - -1685 - (-5 + 16 - -1).
71
Calculate 2 + 93 + 219 + -116 + -120.
78
What is the value of -1 - 12 - (80 - (42 + 98))?
47
(8 - 0) + (-191 - -151 - (8 - 0))
-40
What is the value of (21 - 2) + (-3 + 30 + -68 - 14)?
-36
Evaluate 54 - 71 - 14 - -27.
-4
Calculate -60 - -110 - (-13 - (6 - (3 - 2) - 10)).
58
-128 + (-78 - (36 - 157))
-85
What is (-22 + -6 - (5 + -7)) + 5 + -2?
-23
Evaluate 3 + (36 - (-19 - -24)).
34
What is -5 + 15 + -22 + 33 - (19 + -1)?
3
Evaluate 6 + 4 - (-87 - -8 - (-3 + -4 - -19)).
101
What is (21 - -1) + -65 + (184 - 64 - 8)?
69
What is (-57 - 0) + (-23 - -28 - 16 - (-1 - 11))?
-56
Evaluate (0 - 3) + -9 + (-68 - (-59 + -19)).
-2
What is -18 + 86 + (-63 - -11)?
16
Evaluate -3 - 12 - (-38 + (47 - 5)).
-19
Calculate 10 + (-9 + 2 + (13 - -10) - 5).
21
What is (-1 - -18) + -4311 + 4306?
12
Evaluate (-48 - (10 - (8 + -6 + 7) - -5)) + 1.
-53
What is the value of (72 - 29) + -35 - (-2 + -8 + 2)?
16
Evaluate 5 + (1 - -1) - (19 + -131 + (-3 - -9)).
113
Evaluate 13 - -58 - (34 + (48 - 79)).
68
What is the value of 5 + (-71 - -9) + 90?
33
What is the value of -13 + 37 + -39 - 26?
-41
(-17 - 1) + 0 + (304 - 301) + 21
6
What is the value of -61 + 1 + 17 + -16 + 1 + 9?
-49
Calculate 0 + 30 + -1 - ((-91 - (-37 - 54)) + -7).
36
-11 + 24 + 11 + -14 + 8
18
Evaluate (-309 - -155) + 82 + -2 + -6.
-80
What is -37 - 0 - (193 + -227 + -5)?
2
Evaluate (30 - -1) + (1 - 16 - (464 - 494)).
46
(-2 - (0 - -2)) + -1 - -140 - (-19 + 12)
142
What is 27 + -19 + (6 - 14)?
0
What is 7 - (8 + 11) - (-121 + (1 - 2))?
110
35 + (102 - 48 - 46)
43
Calculate 9 - (-10 + 27) - (1 + -7 + 7).
-9
Calculate (-164 - -20 - -152) + (-1 - 6).
1
Calculate -74 - -2 - (28 + -36).
-64
Evaluate (-3 - (7 + -2)) + (50 - (92 - -26)).
-76
26 + -14 + 2 + (-15 - -1 - -12) + 59
71
Calculate 34 + 0 + -38 + 43.
39
Calculate 70 + -32 - -3 - 46.
-5
Calculate -77 - ((71 - 68) + -22).
-58
Evaluate -10 + (-35 - -34) + 16 + 107.
112
What is the value of (1 - -8) + (-22 + -34 - 18 - (-4 - -7))?
-68
-24 + (4 - -10) + 8 + 20 - 15
3
Calculate 1 - -139 - (11450 - 11186).
-124
What is 15 + 7 + -2 + -10 + 5 + (-90 - 9)?
-84
What is -146 - (8 - (-22 - -101) - -32)?
-107
What is the value of 73 + (24 - (-16 - -31)) + (0 - 1 - 2)?
79
What is the value of 3 - (23 - -4) - (23 - (3 - (-16 - 7)))?
-21
Calculate -39 - (48 - 18 - 50) - 52.
-71
What is (41 - -41 - 44) + -10?
28
Evaluate -1663 - -1691 - (0 + -4).
32
59 + (-61 - (-54 + 107))
-55
(-148 - (-156 - -16)) + (-1 - -51) + 1
43
Calculate -213 - -186 - (-26 - -10 - -3).
-14
What is the value of 16 + (-2 - 1) + (-6 - 43)?
-36
-42 + (-11 + -9 - (-20 - 21 - 0))
-21
Evaluate 19 - ((-19 - (17 + -11 + -19)) + -68).
93
Calculate 44 + -25 + (6 - -1 - (-27 + 28)) + -4.
21
What is the value of 71 - (-56 + -45 + 147)?
25
Calculate 0 - 42 - (-3 - (0 - -3) - -12).
-48
Calculate (-350 + 89 - -205) + (-4 - 1).
-61
Evaluate 625 - 638 - (1 + 1) - (15 - 2).
-28
Evaluate (-2 - (-87 - (9 - 12))) + -65 + 44.
61
Evaluate -15 - 4 - (19 + -6) - -7.
-25
What is (-9 - 27 - -2 - -10) + 9 + 9?
-6
What is (-1 - -6) + 25 + (25 - (-3 - -45)) + -10?
3
Evaluate -51 - (-108 - -78) - (-3 + -59 + -4).
45
Calculate (-7 - 0) + 55 + -66 + (-17 + 6 - 10).
-39
Evaluate -6 + 1 - (-17 + 15) - (-19 + 43 + -14).
-13
What is the value of (-23 + 46 - 37) + (46 - -26)?
58
Evaluate (0 + -8 - (-79 - -70)) + (15 - (29 + 2)).
-15
Calculate (57 - (30 + -9)) + (0 - 3) - -8.
41
Calculate 56 + -72 + 26 - 16.
-6
What is -63 + (-94 - (-224 - -66))?
1
What is the value of (19 - (14 + -19 + 6 - -5)) + 2?
15
What is 27 - (47 + 0 + 234 + -246)?
-8
What is 23 - ((-7 - 6) + 4 - -13 - -7)?
12
Calculate 87 + ((13 - 20) + (15 - -3) - 26).
72
What is the value of 16 - (13 + 10 + 2) - 6?
-15
Calculate 82 + (43 + 45 - 92 - (-1 + 0 - 11)).
90
(14 - ((0 - (-21 + 1)) + 72)) + (-2 - 1)
-81
What is the value of -96 - (-35 - (-17 + -15) - (-1 - -13) - -15)?
-96
What is 3 + -8 - (-11 - (-3 + (14 - 8)))?
9
Evaluate -75 - (-186 + 43 - -37).
31
(10 - (-3 - -7 - (-3 + -16))) + (59 - 15)
31
What is -9 + 45 + -37 + (-22 - 0)?
-23
What is the value of (-76 - -267 - 62 - (32 + -2)) + (-1 - 8)?
90
Evaluate -69 + (76 - 110) - 19.
-122
Evaluate 18 + (1 - 0) + -15 + -12 + -52.
-60
Evaluate 17 - (2 + 8) - (5 + -9 + -6).
17
What is (-347 - -402) + -33 + -3?
19
What is -44 + -39 + 48 - 97 - (3 + -1 + -3)?
-131
What is the value of (3 - (-1 + 42)) + 10752 + -10691?
23
What is 104 + -76 - 29 - (2 - (1 - (0 - -32)))?
-34
What is -77 + (-90 - -184) + -107?
-90
What is -392 - -392 - (1 + -17) - 11 - -1?
6
Calculate -12 - -7 - (56 + -99).
38
Calculate (-9 - 0) + -103 + 154 + -117.
-75
(-53 - -28) + 95 + -120
-50
Calculate -4 + 3 + 16 - (0 + 1) - (1488 + -1481).
7
What is the value of (-17 - 5) + -9 + -6 + -2 + 7 + 13?
-19
What is the value of 22 + 42 + -32 - 60?
-28
What is 38 + -33 + -12 + 14 - (5 + 0)?
2
What is the value of (-11 + 3 - -6) + -6 - (-10 - (-11 - -11))?
2
Calculate 10 - 17 - -15 - (-30 - -88).
-50
What is -22 + (5 - 2) + (-115 + 127 - (4 + -4))?
-7
What is the value of (-6 - (-28 + 19)) + 24 - 35?
-8
What is the value of 23 + 7 + -13 + -4 - (38 - 2)?
-23
What is the value of -69 - (-7 - -10 - (-29 + 28 + 24))?
-49
Evaluate 10 + -18 + 47 + -96 - -12.
-45
Evaluate (-7 - 77) + (-8 - (16 - (-14 - -26))) + -2.
-98
Evaluate 76 + -99 + (-102 - -43).
-82
Calculate -9 + 0 - (-55 + (100 + -2 - 51)).
-1
Evaluate -178 - -75 - -43 - (0 - 3) - (0 + -5).
-52
What is the value of -53 - (80 - 106 - (-36 + -5))?
-68
Evaluate -12 + -50 + 140 